{"id":59,"date":"2010-09-20T07:57:36","date_gmt":"2010-09-20T07:57:36","guid":{"rendered":"http:\/\/drapher.u7n.org\/39\/?page_id=59"},"modified":"2020-12-06T13:52:50","modified_gmt":"2020-12-06T13:52:50","slug":"meetings-des-39","status":"publish","type":"page","link":"https:\/\/www.collectifpsychiatrie.fr\/?page_id=59","title":{"rendered":"&gt;Vid\u00e9os &#8211; Meeting du 07 f\u00e9vrier 2009 &#8211; Montreuil"},"content":{"rendered":"<p>La Nuit S\u00e9curitaire<br \/>\nOuverture du premier Meeting du 7 f\u00e9vrier 2009 \u00e0 \u00ab la parole errante \u00bb \u00e0 Montreuil<\/p>\n<p><object width=\"580\" height=\"400\"><param name=\"movie\" value=\"http:\/\/www.youtube.com\/v\/YB2uSyQyYfk?fs=1&amp;hl=fr_FR&amp;rel=0&amp;border=1\"\/><param name=\"allowFullScreen\" value=\"true\"\/><param name=\"allowscriptaccess\" value=\"always\"\/><embed src=\"http:\/\/www.youtube.com\/v\/YB2uSyQyYfk?fs=1&amp;hl=fr_FR&amp;rel=0&amp;border=1\" type=\"application\/x-shockwave-flash\" allowscriptaccess=\"always\" allowfullscreen=\"true\" width=\"580\" height=\"400\"\/><\/object><\/p>\n<p>Meeting du 7 f\u00e9vrier 2009 : Lecture du manifeste des 39 par Micha\u00ebl Guyader<\/p>\n<p><object width=\"580\" height=\"400\"><param name=\"movie\" value=\"http:\/\/www.youtube.com\/v\/vVaKhnllWdM?fs=1&amp;hl=fr_FR&amp;rel=0&amp;border=1\"\/><param name=\"allowFullScreen\" value=\"true\"\/><param name=\"allowscriptaccess\" value=\"always\"\/><embed src=\"http:\/\/www.youtube.com\/v\/vVaKhnllWdM?fs=1&amp;hl=fr_FR&amp;rel=0&amp;border=1\" type=\"application\/x-shockwave-flash\" allowscriptaccess=\"always\" allowfullscreen=\"true\" width=\"580\" height=\"400\"\/><\/object><\/p>\n<p>Meeting du 7 f\u00e9vrier 2009 : Intervention de St\u00e9phane Gatti<\/p>\n<p><object width=\"580\" height=\"400\"><param name=\"movie\" value=\"http:\/\/www.youtube.com\/v\/uRyUUsJlcRI?fs=1&amp;hl=fr_FR&amp;rel=0&amp;border=1\"\/><param name=\"allowFullScreen\" value=\"true\"\/><param name=\"allowscriptaccess\" value=\"always\"\/><embed src=\"http:\/\/www.youtube.com\/v\/uRyUUsJlcRI?fs=1&amp;hl=fr_FR&amp;rel=0&amp;border=1\" type=\"application\/x-shockwave-flash\" allowscriptaccess=\"always\" allowfullscreen=\"true\" width=\"580\" height=\"400\"\/><\/object><\/p>\n<p><a href=\"http:\/\/www.youtube.com\/user\/Poldoran1#g\/c\/C7CEED656CCFBCAA\">POUR VOIR TOUTES LES VIDEOS DU MEETING DU 07 FEVRIER<\/a><\/p>\n","protected":false},"excerpt":{"rendered":"<p>La Nuit S\u00e9curitaire Ouverture du premier Meeting du 7 f\u00e9vrier 2009 \u00e0 \u00ab la parole errante \u00bb \u00e0 Montreuil Meeting du 7 f\u00e9vrier 2009 : Lecture du manifeste des 39 par Micha\u00ebl Guyader Meeting du 7 f\u00e9vrier 2009 : Intervention de St\u00e9phane Gatti POUR VOIR TOUTES LES VIDEOS DU MEETING DU 07 FEVRIER<\/p>\n","protected":false},"author":2,"featured_media":0,"parent":0,"menu_order":0,"comment_status":"closed","ping_status":"open","template":"","meta":{"footnotes":""},"class_list":["post-59","page","type-page","status-publish","hentry"],"_links":{"self":[{"href":"https:\/\/www.collectifpsychiatrie.fr\/index.php?rest_route=\/wp\/v2\/pages\/59","targetHints":{"allow":["GET"]}}],"collection":[{"href":"https:\/\/www.collectifpsychiatrie.fr\/index.php?rest_route=\/wp\/v2\/pages"}],"about":[{"href":"https:\/\/www.collectifpsychiatrie.fr\/index.php?rest_route=\/wp\/v2\/types\/page"}],"author":[{"embeddable":true,"href":"https:\/\/www.collectifpsychiatrie.fr\/index.php?rest_route=\/wp\/v2\/users\/2"}],"replies":[{"embeddable":true,"href":"https:\/\/www.collectifpsychiatrie.fr\/index.php?rest_route=%2Fwp%2Fv2%2Fcomments&post=59"}],"version-history":[{"count":1,"href":"https:\/\/www.collectifpsychiatrie.fr\/index.php?rest_route=\/wp\/v2\/pages\/59\/revisions"}],"predecessor-version":[{"id":9218,"href":"https:\/\/www.collectifpsychiatrie.fr\/index.php?rest_route=\/wp\/v2\/pages\/59\/revisions\/9218"}],"wp:attachment":[{"href":"https:\/\/www.collectifpsychiatrie.fr\/index.php?rest_route=%2Fwp%2Fv2%2Fmedia&parent=59"}],"curies":[{"name":"wp","href":"https:\/\/api.w.org\/{rel}","templated":true}]}}