{"id":73,"date":"2010-06-21T08:51:05","date_gmt":"2010-06-21T08:51:05","guid":{"rendered":"http:\/\/drapher.u7n.org\/39\/?page_id=73"},"modified":"2010-06-21T08:51:05","modified_gmt":"2010-06-21T08:51:05","slug":"texte-integral-du-projet-de-reforme-de-la-loi-de-1990","status":"publish","type":"page","link":"https:\/\/www.collectifpsychiatrie.fr\/?page_id=73","title":{"rendered":"&gt;Texte int\u00e9gral du projet de r\u00e9forme de la loi de 1990"},"content":{"rendered":"<p>Vous trouverez en pi\u00e8ce jointe le texte int\u00e9gral du projet de r\u00e9forme de la loi de 1990, avec en particulier l\u2019expos\u00e9 des motifs \u00e0 partir de la page 26 jusqu\u2019\u00e0 la page 37. Les d\u00e9clarations de bonnes intentions affich\u00e9es y trouvent une application largement discutable<br \/>\n<a href='https:\/\/www.collectifpsychiatrie.fr\/wp-content\/uploads\/2010\/06\/projet_de_loi_reforme_1990.pdf'>projet_de_loi_reforme_1990<\/a><\/p>\n","protected":false},"excerpt":{"rendered":"<p>Vous trouverez en pi\u00e8ce jointe le texte int\u00e9gral du projet de r\u00e9forme de la loi de 1990, avec en particulier l\u2019expos\u00e9 des motifs \u00e0 partir de la page 26 jusqu\u2019\u00e0 la page 37. Les d\u00e9clarations de bonnes intentions affich\u00e9es y trouvent une application largement discutable projet_de_loi_reforme_1990<\/p>\n","protected":false},"author":2,"featured_media":0,"parent":0,"menu_order":0,"comment_status":"open","ping_status":"open","template":"","meta":{"footnotes":""},"class_list":["post-73","page","type-page","status-publish","hentry"],"_links":{"self":[{"href":"https:\/\/www.collectifpsychiatrie.fr\/index.php?rest_route=\/wp\/v2\/pages\/73","targetHints":{"allow":["GET"]}}],"collection":[{"href":"https:\/\/www.collectifpsychiatrie.fr\/index.php?rest_route=\/wp\/v2\/pages"}],"about":[{"href":"https:\/\/www.collectifpsychiatrie.fr\/index.php?rest_route=\/wp\/v2\/types\/page"}],"author":[{"embeddable":true,"href":"https:\/\/www.collectifpsychiatrie.fr\/index.php?rest_route=\/wp\/v2\/users\/2"}],"replies":[{"embeddable":true,"href":"https:\/\/www.collectifpsychiatrie.fr\/index.php?rest_route=%2Fwp%2Fv2%2Fcomments&post=73"}],"version-history":[{"count":0,"href":"https:\/\/www.collectifpsychiatrie.fr\/index.php?rest_route=\/wp\/v2\/pages\/73\/revisions"}],"wp:attachment":[{"href":"https:\/\/www.collectifpsychiatrie.fr\/index.php?rest_route=%2Fwp%2Fv2%2Fmedia&parent=73"}],"curies":[{"name":"wp","href":"https:\/\/api.w.org\/{rel}","templated":true}]}}

&gt;Texte intégral du projet de réforme de la loi de 1990

<p>Vous trouverez en pièce jointe le texte intégral du projet de réforme de la loi de 1990, avec en particulier l’exposé des motifs à partir de la page 26 jusqu’à la page 37. Les déclarations de bonnes intentions affichées y trouvent une application largement discutable<br />
<a href='https://www.collectifpsychiatrie.fr/wp-content/uploads/2010/06/projet_de_loi_reforme_1990.pdf'>projet_de_loi_reforme_1990</a></p>

<p>Vous trouverez en pièce jointe le texte intégral du projet de réforme de la loi de 1990, avec en particulier l’exposé des motifs à partir de la page 26 jusqu’à la page 37. Les déclarations de bonnes intentions affichées y trouvent une application largement discutable projet_de_loi_reforme_1990</p>
