{"id":731,"date":"2010-12-05T11:43:29","date_gmt":"2010-12-05T11:43:29","guid":{"rendered":"http:\/\/www.collectifpsychiatrie.fr\/?page_id=731"},"modified":"2010-12-05T11:43:29","modified_gmt":"2010-12-05T11:43:29","slug":"interview-2","status":"publish","type":"page","link":"https:\/\/www.collectifpsychiatrie.fr\/?page_id=731","title":{"rendered":"&gt;D\u00e9cision du conseil constitutionnel sur l&#039;hospitalisation sous contrainte : les psychiatres r\u00e9fl\u00e9chissent\u2026"},"content":{"rendered":"","protected":true},"excerpt":{"rendered":"","protected":true},"author":2,"featured_media":0,"parent":0,"menu_order":0,"comment_status":"open","ping_status":"open","template":"","meta":{"footnotes":""},"class_list":["post-731","page","type-page","status-publish","post-password-required","hentry"],"_links":{"self":[{"href":"https:\/\/www.collectifpsychiatrie.fr\/index.php?rest_route=\/wp\/v2\/pages\/731","targetHints":{"allow":["GET"]}}],"collection":[{"href":"https:\/\/www.collectifpsychiatrie.fr\/index.php?rest_route=\/wp\/v2\/pages"}],"about":[{"href":"https:\/\/www.collectifpsychiatrie.fr\/index.php?rest_route=\/wp\/v2\/types\/page"}],"author":[{"embeddable":true,"href":"https:\/\/www.collectifpsychiatrie.fr\/index.php?rest_route=\/wp\/v2\/users\/2"}],"replies":[{"embeddable":true,"href":"https:\/\/www.collectifpsychiatrie.fr\/index.php?rest_route=%2Fwp%2Fv2%2Fcomments&post=731"}],"version-history":[{"count":0,"href":"https:\/\/www.collectifpsychiatrie.fr\/index.php?rest_route=\/wp\/v2\/pages\/731\/revisions"}],"wp:attachment":[{"href":"https:\/\/www.collectifpsychiatrie.fr\/index.php?rest_route=%2Fwp%2Fv2%2Fmedia&parent=731"}],"curies":[{"name":"wp","href":"https:\/\/api.w.org\/{rel}","templated":true}]}}

&gt;Décision du conseil constitutionnel sur l&#039;hospitalisation sous contrainte : les psychiatres réfléchissent…
